s digit of d?
2
Let z(o) = -o + 2. Let i be z(5). Let q = 36 - i. Let k = -23 + q. What is the units digit of k?
6
Let n be (2 + -2)/(-2) + 0. Suppose 4*k + 7*k - 1419 = n. What is the units digit of k?
9
Suppose 0 = -c + 5*c - 16. Let l = -3 + c. Let u = 30 + l. What is the units digit of u?
1
Let j = 186 - -108. What is the tens digit of j?
9
Let t(h) = -h**3 + 2*h**2 - 6*h + 257. What is the tens digit of t(0)?
5
Let u(g) = g - 5. Let x(f) = 1. Let w(l) = u(l) + x(l). Let c be w(-8). What is the units digit of 432/c*2/(-4)?
8
Suppose 4698 = -0*o + 29*o. What is the units digit of o?
2
Suppose -15180 = -14*p - 6*p. What is the tens digit of p?
5
Let t = -1396 + 3136. What is the thousands digit of t?
1
What is the thousands digit of (-35)/15 - 13496/(-6)?
2
Suppose 2*n + 2*o = 2540, 0*n - o = -5*n + 6350. What is the thousands digit of n?
1
Suppose 4*v - 413 = 475. Let u = 376 - v. What is the units digit of u/8 - 1/4?
9
Let x = -27 - -30. Suppose -4*k - 2*s - 64 = 0, x*k - 2*s + 5*s + 54 = 0. Let w = k + 22. What is the units digit of w?
8
Suppose 2*m + 4344 = 3*a, 5787 = 4*a - m - 0*m. What is the tens digit of a?
4
Suppose 6*a - 105 = a. Suppose -2*u = u + 4*y + 14, 0 = -3*u + 3*y - a. What is the units digit of (-204)/(-54) - u/27?
4
Suppose 4*o - 3*t = -4*t - 7, -3*o + 12 = -5*t. Let d(u) = -2 + u + 971*u**3 - 999*u**3 + u**2 + 3. What is the units digit of d(o)?
9
Suppose -8*v - 23 = -15. Let t = 8 + -16. What is the tens digit of v/4 - 82/t?
1
Let k = -92 - -36. Let m = k + 80. What is the units digit of m?
4
Let j = -26 - -18. Let p(u) = u**3 + 8*u**2 + 5. Let m be p(j). Suppose 3*i = -2*h + 7*h + 120, 3*h - 166 = -m*i. What is the units digit of i?
5
Suppose 0 = -4*n + 3*w + w + 4, -6 = -3*w. Let j = n - 0. Let b = 7 - j. What is the units digit of b?
4
Let b = -138 - -49. Let n = b - -135. What is the tens digit of n?
4
Let s = -167 + 255. Suppose w - s = 5*w. Let m = 24 + w. What is the units digit of m?
2
Let z(o) = o**3 + 24. Suppose 9*d = 4*d. What is the tens digit of z(d)?
2
Suppose -3750 = -5*r + 5*k, 0 = -5*k + 9*k. What is the units digit of r?
0
Let p(w) = 6*w - 22. Let k be p(4). What is the tens digit of 142*k/4*2?
4
Let i(r) = r**3 + 9*r**2 + 9*r + 11. Let y be i(-8). Suppose -79 - 35 = -y*n. Let l = 16 + n. What is the tens digit of l?
5
Let q be 24/5 + 1/5. Suppose q*f + 0*i = -3*i + 12, 0 = 5*f - i + 4. Suppose -2*c - 2*z + f + 6 = 0, 0 = -3*c + 4*z + 37. What is the units digit of c?
7
Let m be 1 + -2*(-2)/(-4). Suppose m = -3*s - 0*s - 3. Let w = 3 - s. What is the units digit of w?
4
Let n = 1063 + -24. What is the hundreds digit of n?
0
Let g be (-1)/(5/(-10)) - 1*2. Suppose -8*a + 197 + 51 = g. What is the tens digit of a?
3
Let k(z) = 76*z - 51. What is the tens digit of k(11)?
8
Let o = -200 - -661. What is the units digit of o?
1
Let z = -974 + 2124. What is the units digit of z?
0
Let t(g) = -2*g**2 - 17*g + 2782. What is the thousands digit of t(0)?
2
Let b be 0*(-2)/12*(-12)/(-4). Suppose b = -v - v + 4*m + 94, 4*v - 236 = -4*m. What is the tens digit of v?
5
Let n be -4 + (-4 - -7 - -5). Suppose -n*o + 8 = -0*o. Suppose 0 = g - 4*g - 5*q + 47, 0 = -o*q + 2. What is the units digit of g?
4
Suppose 6*q - 252 = 4*q. Suppose u = s - 3*s + q, -u + 62 = s. Let v = s - 45. What is the tens digit of v?
1
Let g = 21 + -18. Suppose -m - 8 = -4*a - 5*m, 3*a - g = -4*m. Suppose 0 = a*k - 2*k - 144. What is the tens digit of k?
4
Suppose 2877 = 4*d - 0*l + 3*l, -d - 5*l = -715. What is the tens digit of d?
2
Let v = 202 + 784. What is the tens digit of v?
8
Suppose -4040 = 25*s - 121815. What is the thousands digit of s?
4
Suppose 4*y = -2*r + 16 - 0, -5*r + 1 = -3*y. Suppose 3*m - 2*m - y*f - 114 = 0, -4*m + 524 = 5*f. What is the hundreds digit of m?
1
Let g(f) be the third derivative of 23*f**5/60 + f**4/8 + f**3/3 + f**2. Let p(n) = 3*n + 47. Let t be p(-16). What is the units digit of g(t)?
2
Suppose 58 = 4*y + 38. Suppose -4*o = -5*i - 459, y*o - o = -5*i + 429. What is the hundreds digit of o?
1
Let z be (1 - 3)*10/(-4). Suppose 8*c = z*c - 9. What is the units digit of c/6 + 49/2?
4
Suppose -t - 3 = -4. What is the units digit of (5 - -119)/(t/(2/4))?
2
What is the hundreds digit of (-3680)/(-36) - ((-14)/18 - -1)?
1
Let y(j) be the second derivative of 23*j**5/10 - j**4/6 + j**2/2 + 4*j. What is the tens digit of y(1)?
4
Let v = 583 + 122. What is the tens digit of v?
0
Suppose 0 = -122*o + 111*o + 6831. What is the hundreds digit of o?
6
Let d(n) = 2*n**2 + 8*n - 33. Let p be d(-10). Let m = p - 11. What is the units digit of m?
6
Suppose -20*r = -14*r - 1794. What is the hundreds digit of r?
2
Let p(g) = g**3 + 7*g**2 - g - 10. Let m = -2 - 5. Let s be p(m). Let x = 8 + s. What is the units digit of x?
5
Suppose 44*d - 139946 = -40418. What is the tens digit of d?
6
Suppose z - 5*i - 238 = 0, z - i = 2*z - 268. Suppose 3*n - z = -k, 5*n - 5*k = -k + 410. What is the tens digit of n?
8
Let k(z) = 5*z**2 - 8*z + 2. Let u = 54 - 28. Let a = u - 22. What is the units digit of k(a)?
0
Let h(r) = 302*r - 157. What is the hundreds digit of h(4)?
0
Let z = -30 + 34. Let s(f) = 17*f - 4. What is the tens digit of s(z)?
6
Suppose -3*n + 0 = -6. Suppose 4*a = -n*i + a - 2, -2*a = 5*i - 6. Suppose 0 = -2*z + i*k + 122, 5*z + 3*k - 406 = -101. What is the units digit of z?
1
Let v be 12/8 + (-33)/6. Let u = -6 - v. Let s(i) = -6*i + 1. What is the units digit of s(u)?
3
Let b be 34/8*28/7. Suppose b*v - 378 = 3*v. What is the tens digit of v?
2
Let b = -245 + 1481. What is the units digit of b?
6
Let d(x) = -32*x - 41. What is the tens digit of d(-6)?
5
Suppose n - 5*l - 549 = 0, -6*n = -2*n + 2*l - 2174. What is the units digit of n?
4
Suppose 0 = 4*s - 2*m - 1420, 5*s = -4*m - 0*m + 1775. What is the tens digit of s?
5
Suppose 15 = -3*q - 45. Let t = q + 25. What is the units digit of t?
5
Suppose -3*v = -4*v. Suppose 4*u - 3*j - 380 = 0, 4*j + v*j + 292 = 3*u. Let r = -65 + u. What is the units digit of r?
7
Let c = 440 + -335. What is the tens digit of c?
0
Suppose -5*k = 1578 - 4428. What is the tens digit of k?
7
Let t(r) = 7*r - 2. Let c be t(3). Let i(q) = -q**3 + 20*q**2 + 43*q + 9. Let l be i(22). Let g = c + l. What is the units digit of g?
6
Let q = -1111 + 1581. What is the hundreds digit of q?
4
Let u = 121 - -76. What is the tens digit of u?
9
Suppose 12*w - 8*w = 8. Suppose 4*h - 80 = -4*n, w*n + 5*h + 17 - 45 = 0. What is the tens digit of n?
2
Let q be (4/10)/(3/45). Suppose h - q = 10. What is the units digit of h?
6
What is the tens digit of 291 + -3 + 3 - (-6 - -3)?
9
What is the hundreds digit of (-264)/11*(-2060)/16?
0
What is the thousands digit of -8 + (-23)/(92/(-4896))?
1
Let s = -6265 + 9583. What is the tens digit of s?
1
Let o(x) = -7*x**3 + 65*x**2 - 12*x - 3. What is the units digit of o(9)?
1
Let g be (-4 - -228)*6/(-4). What is the tens digit of g/(-9) + (-3)/9?
3
Suppose -d + 29 = -w - 66, -2*w - 469 = -5*d. Suppose -720 = 87*y - d*y. What is the units digit of y?
0
Let n = -35 + 35. Suppose 5*l + n*l + 3*o = 87, 2*l - 2*o = 38. What is the tens digit of l?
1
Let k(x) = 4483*x**3 - 26*x + 25. What is the thousands digit of k(1)?
4
Let u = -562 + 1885. What is the tens digit of u?
2
Let g(p) = -p + p**3 + 0*p**3 - 43 + 95. What is the units digit of g(0)?
2
Let n(m) = -64*m - 224. What is the units digit of n(-17)?
4
Let o = 177 + -75. What is the hundreds digit of ((704/(-24))/(-4))/(4/o)?
1
Suppose -5*s - 7 = d, -4*d - 5 - 6 = 3*s. What is the units digit of (-13)/(6/8 - (0 - s))?
2
Let t(j) = -42*j + 289. What is the hundreds digit of t(-44)?
1
Let q = 2252 - 1532. What is the tens digit of q?
2
Suppose 29*t + 500 = 31*t. Suppose 2*s + 0*w - 10 = 3*w, 0 = 5*w + 10. Suppose -250 = -5*b + s*h - 0*h, -h = -5*b + t. What is the tens digit of b?
5
Let c be 32/6 - 18/(-27). Let q be c*2/6*-7. What is the units digit of 200/14 + 4/q?
4
Let r = -24 + 26. What is the units digit of (r/1)/(-6*(-2)/600)?
0
Suppose 0 = -5*u - 0*u + 35. Let a be -4 + 1*(-3 + u). Suppose -f = -5*w - 0*f + 74, a = -3*w + 2*f + 50. What is the tens digit of w?
1
Let o(n) = -203*n - 100. What is the units digit of o(-7)?
1
Let u = 12 + 110. What is the tens digit of u?
2
Let h(k) = 2*k**3 - k**2 - 4*k. Suppose 